[INFO] fetching crate csmlinterpreter 0.3.2...
[INFO] building csmlinterpreter-0.3.2 against master#881c1ac408d93bb7adaa3a51dabab9266e82eee8 for issue-85264
[INFO] extracting crate csmlinterpreter 0.3.2 into /workspace/builds/worker-5/source
[INFO] validating manifest of crates.io crate csmlinterpreter 0.3.2 on toolchain 881c1ac408d93bb7adaa3a51dabab9266e82eee8
[INFO] running `Command { std: "/workspace/cargo-home/bin/cargo" "+881c1ac408d93bb7adaa3a51dabab9266e82eee8" "metadata" "--manifest-path" "Cargo.toml" "--no-deps", kill_on_drop: false }`
[INFO] started tweaking crates.io crate csmlinterpreter 0.3.2
[INFO] removed 0 missing examples
[INFO] finished tweaking crates.io crate csmlinterpreter 0.3.2
[INFO] tweaked toml for crates.io crate csmlinterpreter 0.3.2 written to /workspace/builds/worker-5/source/Cargo.toml
[INFO] crate crates.io crate csmlinterpreter 0.3.2 already has a lockfile, it will not be regenerated
[INFO] running `Command { std: "/workspace/cargo-home/bin/cargo" "+881c1ac408d93bb7adaa3a51dabab9266e82eee8" "fetch" "--manifest-path" "Cargo.toml", kill_on_drop: false }`
[INFO] [stderr]  Downloading crates ...
[INFO] [stderr]   Downloaded wasm-bindgen-shared v0.2.60
[INFO] [stderr]   Downloaded serde_derive v1.0.106
[INFO] [stderr]   Downloaded wasm-bindgen-backend v0.2.60
[INFO] [stderr]   Downloaded bumpalo v3.2.1
[INFO] [stderr]   Downloaded serde_json v1.0.51
[INFO] [stderr]   Downloaded wasm-bindgen v0.2.60
[INFO] [stderr]   Downloaded time v0.2.9
[INFO] [stderr]   Downloaded js-sys v0.3.37
[INFO] [stderr]   Downloaded time-macros v0.1.0
[INFO] [stderr]   Downloaded serde v1.0.106
[INFO] [stderr]   Downloaded hermit-abi v0.1.10
[INFO] [stderr]   Downloaded time-macros-impl v0.1.0
[INFO] [stderr]   Downloaded untrusted v0.7.0
[INFO] [stderr]   Downloaded winapi-util v0.1.4
[INFO] [stderr]   Downloaded nom v5.1.1
[INFO] [stderr]   Downloaded smallvec v0.6.13
[INFO] [stderr]   Downloaded base64 v0.12.0
[INFO] [stderr]   Downloaded cookie v0.13.3
[INFO] [stderr]   Downloaded regex v1.3.6
[INFO] [stderr]   Downloaded rustls v0.17.0
[INFO] [stderr]   Downloaded wasm-bindgen-macro-support v0.2.60
[INFO] [stderr]   Downloaded wasm-bindgen-macro v0.2.60
[INFO] [stderr]   Downloaded curl v0.4.28
[INFO] [stderr]   Downloaded bytecount v0.6.0
[INFO] [stderr]   Downloaded standback v0.2.2
[INFO] [stderr]   Downloaded ureq v0.12.0
[INFO] [stderr]   Downloaded nom_locate v2.0.0
[INFO] [stderr]   Downloaded chunked_transfer v1.0.0
[INFO] [stderr]   Downloaded webpki v0.21.2
[INFO] [stderr]   Downloaded libz-sys v1.0.25
[INFO] [stderr]   Downloaded web-sys v0.3.37
[INFO] [stderr]   Downloaded schannel v0.1.18
[INFO] [stderr]   Downloaded lexical-core v0.6.2
[INFO] [stderr]   Downloaded curl-sys v0.4.30+curl-7.69.1
[INFO] [stderr]   Downloaded ring v0.16.12
[INFO] running `Command { std: "docker" "create" "-v" "/var/lib/crater-agent-workspace/builds/worker-5/target:/opt/rustwide/target:rw,Z" "-v" "/var/lib/crater-agent-workspace/builds/worker-5/source:/opt/rustwide/workdir:ro,Z" "-v" "/var/lib/crater-agent-workspace/cargo-home:/opt/rustwide/cargo-home:ro,Z" "-v" "/var/lib/crater-agent-workspace/rustup-home:/opt/rustwide/rustup-home:ro,Z" "-e" "SOURCE_DIR=/opt/rustwide/workdir" "-e" "CARGO_TARGET_DIR=/opt/rustwide/target" "-e" "CARGO_HOME=/opt/rustwide/cargo-home" "-e" "RUSTUP_HOME=/opt/rustwide/rustup-home" "-w" "/opt/rustwide/workdir" "-m" "1610612736" "--user" "0:0" "--network" "none" "ghcr.io/rust-lang/crates-build-env/linux@sha256:20528e8c29e4536546f0102ce88568b16ea7538393a33fcca951030f7af10457" "/opt/rustwide/cargo-home/bin/cargo" "+881c1ac408d93bb7adaa3a51dabab9266e82eee8" "metadata" "--no-deps" "--format-version=1", kill_on_drop: false }`
[INFO] [stdout] 9dabdebaf786243bb992cf1f3dd0bf4ff339944e668f3a5fff67f2c4b75b0c39
[INFO] [stderr] WARNING: Your kernel does not support swap limit capabilities or the cgroup is not mounted. Memory limited without swap.
[INFO] running `Command { std: "docker" "start" "-a" "9dabdebaf786243bb992cf1f3dd0bf4ff339944e668f3a5fff67f2c4b75b0c39", kill_on_drop: false }`
[INFO] running `Command { std: "docker" "inspect" "9dabdebaf786243bb992cf1f3dd0bf4ff339944e668f3a5fff67f2c4b75b0c39", kill_on_drop: false }`
[INFO] running `Command { std: "docker" "rm" "-f" "9dabdebaf786243bb992cf1f3dd0bf4ff339944e668f3a5fff67f2c4b75b0c39", kill_on_drop: false }`
[INFO] [stdout] 9dabdebaf786243bb992cf1f3dd0bf4ff339944e668f3a5fff67f2c4b75b0c39
[INFO] running `Command { std: "docker" "create" "-v" "/var/lib/crater-agent-workspace/builds/worker-5/target:/opt/rustwide/target:rw,Z" "-v" "/var/lib/crater-agent-workspace/builds/worker-5/source:/opt/rustwide/workdir:ro,Z" "-v" "/var/lib/crater-agent-workspace/cargo-home:/opt/rustwide/cargo-home:ro,Z" "-v" "/var/lib/crater-agent-workspace/rustup-home:/opt/rustwide/rustup-home:ro,Z" "-e" "SOURCE_DIR=/opt/rustwide/workdir" "-e" "CARGO_TARGET_DIR=/opt/rustwide/target" "-e" "CARGO_INCREMENTAL=0" "-e" "RUST_BACKTRACE=full" "-e" "RUSTFLAGS=--cap-lints=forbid" "-e" "CARGO_HOME=/opt/rustwide/cargo-home" "-e" "RUSTUP_HOME=/opt/rustwide/rustup-home" "-w" "/opt/rustwide/workdir" "-m" "1610612736" "--user" "0:0" "--network" "none" "ghcr.io/rust-lang/crates-build-env/linux@sha256:20528e8c29e4536546f0102ce88568b16ea7538393a33fcca951030f7af10457" "/opt/rustwide/cargo-home/bin/cargo" "+881c1ac408d93bb7adaa3a51dabab9266e82eee8" "build" "--frozen" "--message-format=json", kill_on_drop: false }`
[INFO] [stdout] cd48639947a75182f4db9b5c50050d80c82d85cfdf4481eadfd8ca66095295fb
[INFO] [stderr] WARNING: Your kernel does not support swap limit capabilities or the cgroup is not mounted. Memory limited without swap.
[INFO] running `Command { std: "docker" "start" "-a" "cd48639947a75182f4db9b5c50050d80c82d85cfdf4481eadfd8ca66095295fb", kill_on_drop: false }`
[INFO] [stderr]    Compiling syn v1.0.17
[INFO] [stderr]    Compiling untrusted v0.7.0
[INFO] [stderr]    Compiling maybe-uninit v2.0.0
[INFO] [stderr]    Compiling same-file v1.0.6
[INFO] [stderr]    Compiling rustversion v1.0.2
[INFO] [stderr]    Compiling regex-syntax v0.6.17
[INFO] [stderr]    Compiling getrandom v0.1.14
[INFO] [stderr]    Compiling standback v0.2.2
[INFO] [stderr]    Compiling arrayvec v0.4.12
[INFO] [stderr]    Compiling static_assertions v0.3.4
[INFO] [stderr]    Compiling curl v0.4.28
[INFO] [stderr]    Compiling bytecount v0.6.0
[INFO] [stderr]    Compiling chunked_transfer v1.0.0
[INFO] [stderr]    Compiling ring v0.16.12
[INFO] [stderr]    Compiling libz-sys v1.0.25
[INFO] [stderr]    Compiling thread_local v1.0.1
[INFO] [stderr]    Compiling humantime v1.3.0
[INFO] [stderr]    Compiling curl-sys v0.4.30+curl-7.69.1
[INFO] [stderr]    Compiling lock_api v0.3.3
[INFO] [stderr]    Compiling nom v5.1.1
[INFO] [stderr]    Compiling qstring v0.7.2
[INFO] [stderr]    Compiling log v0.4.8
[INFO] [stderr]    Compiling unicode-bidi v0.3.4
[INFO] [stderr]    Compiling parking_lot_core v0.6.2
[INFO] [stderr]    Compiling parking_lot v0.9.0
[INFO] [stderr]    Compiling base64 v0.10.1
[INFO] [stderr]    Compiling lexical-core v0.6.2
[INFO] [stderr]    Compiling enum_to_u8_slice_derive v0.1.1
[INFO] [stderr]    Compiling socket2 v0.3.12
[INFO] [stderr]    Compiling walkdir v2.3.1
[INFO] [stderr]    Compiling idna v0.2.0
[INFO] [stderr]    Compiling smallvec v0.6.13
[INFO] [stderr]    Compiling rand_core v0.5.1
[INFO] [stderr]    Compiling mesalink v1.1.0-cratesio
[INFO] [stderr]    Compiling rand_chacha v0.2.2
[INFO] [stderr]    Compiling url v2.1.1
[INFO] [stderr]    Compiling rand v0.7.3
[INFO] [stdout] error[E0308]: mismatched types
[INFO] [stdout]   --> /opt/rustwide/cargo-home/registry/src/github.com-1ecc6299db9ec823/lexical-core-0.6.2/src/atof/algorithm/bhcomp.rs:62:24
[INFO] [stdout]    |
[INFO] [stdout] 62 |     let bytes = bits / Limb::BITS;
[INFO] [stdout]    |                        ^^^^^^^^^^ expected `usize`, found `u32`
[INFO] [stdout] 
[INFO] [stdout] 
[INFO] [stdout] error[E0277]: cannot divide `usize` by `u32`
[INFO] [stdout]   --> /opt/rustwide/cargo-home/registry/src/github.com-1ecc6299db9ec823/lexical-core-0.6.2/src/atof/algorithm/bhcomp.rs:62:22
[INFO] [stdout]    |
[INFO] [stdout] 62 |     let bytes = bits / Limb::BITS;
[INFO] [stdout]    |                      ^ no implementation for `usize / u32`
[INFO] [stdout]    |
[INFO] [stdout]    = help: the trait `Div<u32>` is not implemented for `usize`
[INFO] [stdout] 
[INFO] [stdout] 
[INFO] [stdout] error[E0308]: mismatched types
[INFO] [stdout]    --> /opt/rustwide/cargo-home/registry/src/github.com-1ecc6299db9ec823/lexical-core-0.6.2/src/atof/algorithm/bigcomp.rs:158:55
[INFO] [stdout]     |
[INFO] [stdout] 158 |     let nlz = den.leading_zeros().wrapping_sub(wlz) & (u32::BITS - 1);
[INFO] [stdout]     |                                                       ^^^^^^^^^^^^^^^ expected `usize`, found `u32`
[INFO] [stdout] 
[INFO] [stdout] 
[INFO] [stdout] error[E0277]: no implementation for `usize & u32`
[INFO] [stdout]    --> /opt/rustwide/cargo-home/registry/src/github.com-1ecc6299db9ec823/lexical-core-0.6.2/src/atof/algorithm/bigcomp.rs:158:53
[INFO] [stdout]     |
[INFO] [stdout] 158 |     let nlz = den.leading_zeros().wrapping_sub(wlz) & (u32::BITS - 1);
[INFO] [stdout]     |                                                     ^ no implementation for `usize & u32`
[INFO] [stdout]     |
[INFO] [stdout]     = help: the trait `BitAnd<u32>` is not implemented for `usize`
[INFO] [stdout] 
[INFO] [stdout] 
[INFO] [stdout] error[E0308]: mismatched types
[INFO] [stdout]    --> /opt/rustwide/cargo-home/registry/src/github.com-1ecc6299db9ec823/lexical-core-0.6.2/src/atof/algorithm/bigcomp.rs:176:40
[INFO] [stdout]     |
[INFO] [stdout] 176 |         let (q, r) = shift.ceil_divmod(Limb::BITS);
[INFO] [stdout]     |                                        ^^^^^^^^^^ expected `usize`, found `u32`
[INFO] [stdout]     |
[INFO] [stdout] help: you can convert a `u32` to a `usize` and panic if the converted value doesn't fit
[INFO] [stdout]     |
[INFO] [stdout] 176 |         let (q, r) = shift.ceil_divmod(Limb::BITS.try_into().unwrap());
[INFO] [stdout]     |                                        ^^^^^^^^^^^^^^^^^^^^^^^^^^^^^^
[INFO] [stdout] 
[INFO] [stdout] 
[INFO] [stdout] error[E0308]: mismatched types
[INFO] [stdout]     --> /opt/rustwide/cargo-home/registry/src/github.com-1ecc6299db9ec823/lexical-core-0.6.2/src/atof/algorithm/math.rs:1049:42
[INFO] [stdout]      |
[INFO] [stdout] 1049 |     let mut count = index.saturating_mul(Limb::BITS);
[INFO] [stdout]      |                                          ^^^^^^^^^^ expected `usize`, found `u32`
[INFO] [stdout]      |
[INFO] [stdout] help: you can convert a `u32` to a `usize` and panic if the converted value doesn't fit
[INFO] [stdout]      |
[INFO] [stdout] 1049 |     let mut count = index.saturating_mul(Limb::BITS.try_into().unwrap());
[INFO] [stdout]      |                                          ^^^^^^^^^^^^^^^^^^^^^^^^^^^^^^
[INFO] [stdout] 
[INFO] [stdout] 
[INFO] [stdout] error[E0308]: mismatched types
[INFO] [stdout]     --> /opt/rustwide/cargo-home/registry/src/github.com-1ecc6299db9ec823/lexical-core-0.6.2/src/atof/algorithm/math.rs:1064:28
[INFO] [stdout]      |
[INFO] [stdout] 1064 |     Limb::BITS.checked_mul(x.len())
[INFO] [stdout]      |                            ^^^^^^^ expected `u32`, found `usize`
[INFO] [stdout]      |
[INFO] [stdout] help: you can convert a `usize` to a `u32` and panic if the converted value doesn't fit
[INFO] [stdout]      |
[INFO] [stdout] 1064 |     Limb::BITS.checked_mul(x.len().try_into().unwrap())
[INFO] [stdout]      |                            ^^^^^^^^^^^^^^^^^^^^^^^^^^^
[INFO] [stdout] 
[INFO] [stdout] 
[INFO] [stdout] error[E0308]: mismatched types
[INFO] [stdout]     --> /opt/rustwide/cargo-home/registry/src/github.com-1ecc6299db9ec823/lexical-core-0.6.2/src/atof/algorithm/math.rs:1065:22
[INFO] [stdout]      |
[INFO] [stdout] 1065 |         .map(|v| v - nlz)
[INFO] [stdout]      |                      ^^^ expected `u32`, found `usize`
[INFO] [stdout] 
[INFO] [stdout] 
[INFO] [stdout] error[E0277]: cannot subtract `usize` from `u32`
[INFO] [stdout]     --> /opt/rustwide/cargo-home/registry/src/github.com-1ecc6299db9ec823/lexical-core-0.6.2/src/atof/algorithm/math.rs:1065:20
[INFO] [stdout]      |
[INFO] [stdout] 1065 |         .map(|v| v - nlz)
[INFO] [stdout]      |                    ^ no implementation for `u32 - usize`
[INFO] [stdout]      |
[INFO] [stdout]      = help: the trait `Sub<usize>` is not implemented for `u32`
[INFO] [stdout] 
[INFO] [stdout] 
[INFO] [stdout] error[E0308]: mismatched types
[INFO] [stdout]     --> /opt/rustwide/cargo-home/registry/src/github.com-1ecc6299db9ec823/lexical-core-0.6.2/src/atof/algorithm/math.rs:1066:20
[INFO] [stdout]      |
[INFO] [stdout] 1066 |         .unwrap_or(usize::max_value())
[INFO] [stdout]      |                    ^^^^^^^^^^^^^^^^^^ expected `u32`, found `usize`
[INFO] [stdout]      |
[INFO] [stdout] help: you can convert a `usize` to a `u32` and panic if the converted value doesn't fit
[INFO] [stdout]      |
[INFO] [stdout] 1066 |         .unwrap_or(usize::max_value().try_into().unwrap())
[INFO] [stdout]      |                    ^^^^^^^^^^^^^^^^^^^^^^^^^^^^^^^^^^^^^^
[INFO] [stdout] 
[INFO] [stdout] 
[INFO] [stdout] error[E0308]: mismatched types
[INFO] [stdout]     --> /opt/rustwide/cargo-home/registry/src/github.com-1ecc6299db9ec823/lexical-core-0.6.2/src/atof/algorithm/math.rs:1064:5
[INFO] [stdout]      |
[INFO] [stdout] 1060 |   pub fn bit_length(x: &[Limb]) -> usize {
[INFO] [stdout]      |                                    ----- expected `usize` because of return type
[INFO] [stdout] ...
[INFO] [stdout] 1064 | /     Limb::BITS.checked_mul(x.len())
[INFO] [stdout] 1065 | |         .map(|v| v - nlz)
[INFO] [stdout] 1066 | |         .unwrap_or(usize::max_value())
[INFO] [stdout]      | |______________________________________^ expected `usize`, found `u32`
[INFO] [stdout]      |
[INFO] [stdout] help: you can convert a `u32` to a `usize` and panic if the converted value doesn't fit
[INFO] [stdout]      |
[INFO] [stdout] 1064 |     Limb::BITS.checked_mul(x.len())
[INFO] [stdout] 1065 |         .map(|v| v - nlz)
[INFO] [stdout] 1066 |         .unwrap_or(usize::max_value()).try_into().unwrap()
[INFO] [stdout]      |
[INFO] [stdout] 
[INFO] [stdout] 
[INFO] [stdout] error[E0308]: mismatched types
[INFO] [stdout]     --> /opt/rustwide/cargo-home/registry/src/github.com-1ecc6299db9ec823/lexical-core-0.6.2/src/atof/algorithm/math.rs:1091:23
[INFO] [stdout]      |
[INFO] [stdout] 1091 |     debug_assert!(n < bits && n != 0);
[INFO] [stdout]      |                       ^^^^ expected `usize`, found `u32`
[INFO] [stdout]      |
[INFO] [stdout] help: you can convert a `u32` to a `usize` and panic if the converted value doesn't fit
[INFO] [stdout]      |
[INFO] [stdout] 1091 |     debug_assert!(n < bits.try_into().unwrap() && n != 0);
[INFO] [stdout]      |                       ^^^^^^^^^^^^^^^^^^^^^^^^
[INFO] [stdout] 
[INFO] [stdout] 
[INFO] [stdout] error[E0308]: mismatched types
[INFO] [stdout]     --> /opt/rustwide/cargo-home/registry/src/github.com-1ecc6299db9ec823/lexical-core-0.6.2/src/atof/algorithm/math.rs:1098:25
[INFO] [stdout]      |
[INFO] [stdout] 1098 |     let lshift = bits - n;
[INFO] [stdout]      |                         ^ expected `u32`, found `usize`
[INFO] [stdout] 
[INFO] [stdout] 
[INFO] [stdout] error[E0277]: cannot subtract `usize` from `u32`
[INFO] [stdout]     --> /opt/rustwide/cargo-home/registry/src/github.com-1ecc6299db9ec823/lexical-core-0.6.2/src/atof/algorithm/math.rs:1098:23
[INFO] [stdout]      |
[INFO] [stdout] 1098 |     let lshift = bits - n;
[INFO] [stdout]      |                       ^ no implementation for `u32 - usize`
[INFO] [stdout]      |
[INFO] [stdout]      = help: the trait `Sub<usize>` is not implemented for `u32`
[INFO] [stdout] 
[INFO] [stdout] 
[INFO] [stdout] error[E0308]: mismatched types
[INFO] [stdout]     --> /opt/rustwide/cargo-home/registry/src/github.com-1ecc6299db9ec823/lexical-core-0.6.2/src/atof/algorithm/math.rs:1140:19
[INFO] [stdout]      |
[INFO] [stdout] 1140 |     let rem = n % bits;
[INFO] [stdout]      |                   ^^^^ expected `usize`, found `u32`
[INFO] [stdout] 
[INFO] [stdout] 
[INFO] [stdout] error[E0277]: cannot mod `usize` by `u32`
[INFO] [stdout]     --> /opt/rustwide/cargo-home/registry/src/github.com-1ecc6299db9ec823/lexical-core-0.6.2/src/atof/algorithm/math.rs:1140:17
[INFO] [stdout]      |
[INFO] [stdout] 1140 |     let rem = n % bits;
[INFO] [stdout]      |                 ^ no implementation for `usize % u32`
[INFO] [stdout]      |
[INFO] [stdout]      = help: the trait `Rem<u32>` is not implemented for `usize`
[INFO] [stdout] 
[INFO] [stdout] 
[INFO] [stdout] error[E0308]: mismatched types
[INFO] [stdout]     --> /opt/rustwide/cargo-home/registry/src/github.com-1ecc6299db9ec823/lexical-core-0.6.2/src/atof/algorithm/math.rs:1141:19
[INFO] [stdout]      |
[INFO] [stdout] 1141 |     let div = n / bits;
[INFO] [stdout]      |                   ^^^^ expected `usize`, found `u32`
[INFO] [stdout] 
[INFO] [stdout] 
[INFO] [stdout] error[E0277]: cannot divide `usize` by `u32`
[INFO] [stdout]     --> /opt/rustwide/cargo-home/registry/src/github.com-1ecc6299db9ec823/lexical-core-0.6.2/src/atof/algorithm/math.rs:1141:17
[INFO] [stdout]      |
[INFO] [stdout] 1141 |     let div = n / bits;
[INFO] [stdout]      |                 ^ no implementation for `usize / u32`
[INFO] [stdout]      |
[INFO] [stdout]      = help: the trait `Div<u32>` is not implemented for `usize`
[INFO] [stdout] 
[INFO] [stdout] 
[INFO] [stdout] error[E0308]: mismatched types
[INFO] [stdout]     --> /opt/rustwide/cargo-home/registry/src/github.com-1ecc6299db9ec823/lexical-core-0.6.2/src/atof/algorithm/math.rs:1197:23
[INFO] [stdout]      |
[INFO] [stdout] 1197 |     debug_assert!(n < bits);
[INFO] [stdout]      |                       ^^^^ expected `usize`, found `u32`
[INFO] [stdout]      |
[INFO] [stdout] help: you can convert a `u32` to a `usize` and panic if the converted value doesn't fit
[INFO] [stdout]      |
[INFO] [stdout] 1197 |     debug_assert!(n < bits.try_into().unwrap());
[INFO] [stdout]      |                       ^^^^^^^^^^^^^^^^^^^^^^^^
[INFO] [stdout] 
[INFO] [stdout] 
[INFO] [stdout] error[E0308]: mismatched types
[INFO] [stdout]     --> /opt/rustwide/cargo-home/registry/src/github.com-1ecc6299db9ec823/lexical-core-0.6.2/src/atof/algorithm/math.rs:1207:25
[INFO] [stdout]      |
[INFO] [stdout] 1207 |     let rshift = bits - n;
[INFO] [stdout]      |                         ^ expected `u32`, found `usize`
[INFO] [stdout] 
[INFO] [stdout] 
[INFO] [stdout] error[E0277]: cannot subtract `usize` from `u32`
[INFO] [stdout]     --> /opt/rustwide/cargo-home/registry/src/github.com-1ecc6299db9ec823/lexical-core-0.6.2/src/atof/algorithm/math.rs:1207:23
[INFO] [stdout]      |
[INFO] [stdout] 1207 |     let rshift = bits - n;
[INFO] [stdout]      |                       ^ no implementation for `u32 - usize`
[INFO] [stdout]      |
[INFO] [stdout]      = help: the trait `Sub<usize>` is not implemented for `u32`
[INFO] [stdout] 
[INFO] [stdout] 
[INFO] [stdout] error[E0308]: mismatched types
[INFO] [stdout]     --> /opt/rustwide/cargo-home/registry/src/github.com-1ecc6299db9ec823/lexical-core-0.6.2/src/atof/algorithm/math.rs:1259:19
[INFO] [stdout]      |
[INFO] [stdout] 1259 |     let rem = n % bits;
[INFO] [stdout]      |                   ^^^^ expected `usize`, found `u32`
[INFO] [stdout] 
[INFO] [stdout] 
[INFO] [stdout] error[E0277]: cannot mod `usize` by `u32`
[INFO] [stdout]     --> /opt/rustwide/cargo-home/registry/src/github.com-1ecc6299db9ec823/lexical-core-0.6.2/src/atof/algorithm/math.rs:1259:17
[INFO] [stdout]      |
[INFO] [stdout] 1259 |     let rem = n % bits;
[INFO] [stdout]      |                 ^ no implementation for `usize % u32`
[INFO] [stdout]      |
[INFO] [stdout]      = help: the trait `Rem<u32>` is not implemented for `usize`
[INFO] [stdout] 
[INFO] [stdout] 
[INFO] [stdout] error[E0308]: mismatched types
[INFO] [stdout]     --> /opt/rustwide/cargo-home/registry/src/github.com-1ecc6299db9ec823/lexical-core-0.6.2/src/atof/algorithm/math.rs:1260:19
[INFO] [stdout]      |
[INFO] [stdout] 1260 |     let div = n / bits;
[INFO] [stdout]      |                   ^^^^ expected `usize`, found `u32`
[INFO] [stdout] 
[INFO] [stdout] 
[INFO] [stdout] error[E0277]: cannot divide `usize` by `u32`
[INFO] [stdout]     --> /opt/rustwide/cargo-home/registry/src/github.com-1ecc6299db9ec823/lexical-core-0.6.2/src/atof/algorithm/math.rs:1260:17
[INFO] [stdout]      |
[INFO] [stdout] 1260 |     let div = n / bits;
[INFO] [stdout]      |                 ^ no implementation for `usize / u32`
[INFO] [stdout]      |
[INFO] [stdout]      = help: the trait `Div<u32>` is not implemented for `usize`
[INFO] [stdout] 
[INFO] [stdout] 
[INFO] [stdout] error[E0308]: mismatched types
[INFO] [stdout]     --> /opt/rustwide/cargo-home/registry/src/github.com-1ecc6299db9ec823/lexical-core-0.6.2/src/atof/algorithm/math.rs:2071:27
[INFO] [stdout]      |
[INFO] [stdout] 2071 |     let rs = Limb::BITS - s;
[INFO] [stdout]      |                           ^ expected `u32`, found `usize`
[INFO] [stdout] 
[INFO] [stdout] 
[INFO] [stdout] error[E0277]: cannot subtract `usize` from `u32`
[INFO] [stdout]     --> /opt/rustwide/cargo-home/registry/src/github.com-1ecc6299db9ec823/lexical-core-0.6.2/src/atof/algorithm/math.rs:2071:25
[INFO] [stdout]      |
[INFO] [stdout] 2071 |     let rs = Limb::BITS - s;
[INFO] [stdout]      |                         ^ no implementation for `u32 - usize`
[INFO] [stdout]      |
[INFO] [stdout]      = help: the trait `Sub<usize>` is not implemented for `u32`
[INFO] [stdout] 
[INFO] [stdout] 
[INFO] [stdout] error: aborting due to 27 previous errors
[INFO] [stdout] 
[INFO] [stdout] 
[INFO] [stdout] Some errors have detailed explanations: E0277, E0308.
[INFO] [stdout] 
[INFO] [stdout] For more information about an error, try `rustc --explain E0277`.
[INFO] [stdout] 
[INFO] [stderr] error: could not compile `lexical-core`
[INFO] [stderr] 
[INFO] [stderr] To learn more, run the command again with --verbose.
[INFO] [stderr] warning: build failed, waiting for other jobs to finish...
[INFO] [stderr] error: build failed
[INFO] running `Command { std: "docker" "inspect" "cd48639947a75182f4db9b5c50050d80c82d85cfdf4481eadfd8ca66095295fb", kill_on_drop: false }`
[INFO] running `Command { std: "docker" "rm" "-f" "cd48639947a75182f4db9b5c50050d80c82d85cfdf4481eadfd8ca66095295fb", kill_on_drop: false }`
[INFO] [stdout] cd48639947a75182f4db9b5c50050d80c82d85cfdf4481eadfd8ca66095295fb
